 - 29. Let y(i) = i**3 + 10*i**2 - 2*i + 8. Let g be y(a). Let v = -170 - -178. Calculate the greatest common divisor of v and g.
4
Suppose -120265 + 36415 = -86*h. Calculate the greatest common factor of h and 150.
75
Let l be 2*(1 + -8 + (-315)/(-18) - -1). What is the greatest common divisor of 5428 and l?
23
Let b be (3/(-9))/(-12 - 1207/(-102))*28. What is the highest common factor of 2464 and b?
56
Let b be 1*(-1)/1*(-15)/1. Suppose 0*g = -5*g - 2*y + 15, -5*y = 5*g - b. Let o(z) = 14*z - 34. Let u be o(g). What is the greatest common factor of 152 and u?
8
Let d be (-36)/(-5)*((-8257)/(-46) + 16/2). What is the greatest common factor of d and 60?
30
Let t = -1107 + 1179. What is the greatest common factor of 81 and t?
9
Let o(a) = -9*a - 2*a + 0*a + 36 + 58*a**2. Let z be o(3). Calculate the greatest common divisor of 21 and z.
21
Let j = -8526 - -8624. Let d be (33/55)/(1/245). What is the highest common factor of d and j?
49
Suppose 3*c = -3*l + 17136 + 10671, -37080 = -4*l - 3*c. Calculate the greatest common factor of 33 and l.
33
Suppose 112*t - 286800 = 6*t - 14*t. What is the greatest common factor of t and 30?
10
Suppose 4441 = 146*s - 1399. Calculate the greatest common divisor of s and 185.
5
Let g(z) = -z**3 - z**2 - 3*z + 2. Let o be (1 - 1)/(-2 - -3). Let r be g(o). Let y be 1 - 2485/(-55) - r/11. What is the highest common divisor of y and 69?
23
Suppose -15*u + 1494 = 6*d - 3*d, 5*d + 2*u - 2651 = 0. Calculate the highest common divisor of d and 117.
13
Suppose 2*l - 2651 = -5*q, -2*l + 6*l = q - 539. What is the greatest common factor of 54 and q?
9
Let n be (-5)/25*-212*(-10)/(-4). Let q = 130 - n. What is the highest common divisor of q and 8?
8
Let w = -124 + 233. Suppose -4*u + w - 9 = 0. Let d(q) = 49*q**2 + 1. Let x be d(-1). Calculate the greatest common factor of x and u.
25
Suppose 5*t - 71 + 215 = -3*r, -2*r = -4*t + 118. Let f = r + 88. Suppose f*b = 39*b - 420. Calculate the highest common factor of 42 and b.
21
Let b = 10203 - 9707. Calculate the highest common divisor of 416 and b.
16
Let m(c) = 26*c**2 + 70*c + 90. Let a be m(-2). What is the highest common factor of 40122 and a?
54
Let l(s) = s**3 + 11*s**2 - 34*s - 96. Let h be l(-13). Let a = 120 + -68. What is the highest common divisor of a and h?
4
Let f = -3530 + 3986. What is the highest common factor of f and 532?
76
Let q = -992 + 1520. Calculate the greatest common factor of 1254 and q.
66
Let m = -103 - -119. Suppose 3*k - 2*k = -4*p + m, -2*k = 0. Let a be p/3 + 1/((-9)/(-564)). What is the highest common divisor of 160 and a?
32
Suppose 2*c = -2*p - 1926, -2*p = -2 + 8. Let u be (6/10)/((-24)/c). Suppose -15 - 17 = -4*v. What is the greatest common divisor of u and v?
8
Let r(d) = 9*d + 2*d + 640 - 86*d - 670. Let i be r(-8). Calculate the highest common divisor of 30 and i.
30
Suppose -12*k - 1939 = 1181. Let f be ((-336)/(-70))/((-6)/k). Calculate the highest common divisor of f and 78.
26
Suppose -2*u = -7*u + 15. Suppose 243 = 6*i - u*i. Let p = -25 + i. Calculate the greatest common factor of 7 and p.
7
Suppose 109*l - 28200 = 99*l. Suppose p - 2*t = 5*p - 2264, -5*p = 5*t - l. Calculate the greatest common divisor of 71 and p.
71
Let x(y) = y**3 + 90*y**2 + 160*y - 1152. Let w be x(-88). Let k(r) = 2*r**3 - 3*r**2 - 5*r + 4. Let p be k(3). What is the greatest common divisor of w and p?
16
Let s(d) = 106*d - 1227. Let c be s(12). What is the highest common divisor of 1935 and c?
45
Suppose -38*d = -40*d + 570. Suppose 50*n - d = 47*n. What is the highest common divisor of n and 5?
5
Suppose 190 + 8 = 4*o + 5*o. Calculate the highest common factor of 68 and o.
2
Let c = -40 + 25. Let u = 39 - c. Let f be ((-69)/184)/((-5)/120). What is the highest common factor of u and f?
9
Let t(d) = d + 14. Let l be (-23)/(-1) + -5 - -5. Suppose -9*m + 67 = -l. Let i be t(m). What is the greatest common factor of 40 and i?
8
Let f(j) = -j**2 - 1486*j + 10505. Let p be f(7). Suppose -4*k + 5*a + 1168 = 0, 879 = -0*k + 3*k - 3*a. What is the highest common factor of p and k?
27
Suppose 2*i = 2*o - 380, -4*i = -10*o + 5*o + 948. Let a = o + -149. Calculate the highest common divisor of 13 and a.
13
Suppose -851 = 5*c + 4*r + 84, 2*c + r = -374. Let g = -160 - c. What is the greatest common divisor of g and 3?
3
Let j = -51 + 57. Let u = 79 + j. Let m be 5940/u - 4/(-34). What is the greatest common divisor of m and 14?
14
Let w be (1/((-2)/(-72)))/2. Let q = 2 + w. Suppose 0 = 3*l - 2*o - 73 + q, 0 = -4*o - 16. What is the highest common factor of 120 and l?
15
Let f = -4078 + 4262. What is the greatest common divisor of 1150 and f?
46
Suppose 0*d - 12 = -2*d, -1464 = -x - 4*d. What is the greatest common factor of x and 160?
160
Suppose -74*c + 1433 = -6263. What is the greatest common divisor of 689 and c?
13
Suppose -9*t + 14*t + 15 = 0, 3*y - 4*t = 63. Suppose 0 - 4 = -b. Suppose -b*p + 272 = -2*p. What is the highest common factor of p and y?
17
Let r(b) = 3*b**2 - 8*b. Let m be r(6). Suppose 10*n = -0*n - 71 + 471. Calculate the greatest common divisor of m and n.
20
Let y(j) = 6*j**2 - 2*j + 3. Let c be y(-2). Suppose c = s + 21. Calculate the greatest common divisor of s and 4.
2
Let p(s) be the third derivative of -s**6/60 - s**5/5 - 11*s**4/24 + s**2. Let v be p(-5). Calculate the highest common factor of v and 5.
5
Let m = 857 + -635. Calculate the highest common divisor of m and 84.
6
Let d = 49 + -47. Let s be (10/(-15))/(d/60). Let i = s - -43. Calculate the greatest common divisor of 138 and i.
23
Suppose -5*q - 5*x + 14010 = 0, 2*q - 2*x = 2697 + 2931. What is the highest common divisor of q and 54?
54
Let y = 291 + -282. Suppose -7*n = y - 44. What is the greatest common factor of n and 4?
1
Suppose 5*z + 21 = q + 8*z, 3*q - 2*z - 52 = 0. What is the highest common divisor of q and 10?
2
Let a(o) = 2*o**2 - 44*o - 43. Let p be a(23). Suppose -4*w + 870 = 2*y, 3*w - p*y - 806 = -158. Calculate the highest common divisor of w and 7.
7
Suppose -2*y + y = -3, -4*y = -2*l. Suppose 1017 = l*s + 219. What is the greatest common factor of 14 and s?
7
Suppose 0 = -17*t + 13*t + 16. Let l be 2*-10*(-2)/t*1. What is the highest common factor of 110 and l?
10
Let g = 1121 - 1110. Calculate the greatest common factor of 1243 and g.
11
Let r be 2 + 0 - (22 - 20). Suppose r = -9*x + 7*x + 20. Calculate the highest common divisor of 190 and x.
10
Suppose 21*u - 7550 = 46*u. Let x = u + 512. Calculate the highest common divisor of 30 and x.
30
Let b be 65/10*(-7830)/(-1885). Suppose 2*d + 2*d = 12. Let l be d*36/(-2 - -3). What is the greatest common divisor of b and l?
27
Suppose 3*a = 10*a - 77. Let y be (-1)/(3/(-7) - (-774)/1953). Suppose -25 = -j + 4*l, -l = -j - 0*j + y. What is the highest common factor of a and j?
11
Let z = -3793 - -4287. Calculate the highest common divisor of z and 38.
38
Suppose 6*a + 3*f = 3*a + 147, 2*a = -f + 97. Suppose -5*g = 3*g + a. Let v be ((-4)/g)/(272/54 - 5). Calculate the highest common factor of 45 and v.
9
Suppose -2*s - 3*b = 50, -2*b - 52 = -5*s + 7*s. Let f be (-48)/s - 2/(-7). Calculate the greatest common factor of 5 and f.
1
Suppose v + 3*v - 60 = 0. Let i = 27 - v. Let n be (-11)/(-4)*i/3. What is the greatest common divisor of n and 143?
11
Let l(q) be the second derivative of 2*q**3/3 - q**2 - 13*q + 1. Let z be l(3). What is the greatest common divisor of 80 and z?
10
Let i be 2*(-8)/(64/(-12)). Let o be i - (14 + -48 + 0 + 1). Calculate the highest common factor of o and 48.
12
Suppose 9*c + 791 = 6*c + 2327. What is the greatest common divisor of c and 56?
8
Let g be 2*60/(-1 + 2). Suppose -5*k + 211 = 3*r, 0 = -5*k + 2*k - 4*r + g. Suppose 115*a + 132 = 236*a - 117*a. Calculate the highest common factor of a and k.
11
Let y(x) = -21*x + 24. Suppose 42*p - 40*p + 8 = 0. Let j be y(p). Let f = 79 - 55. Calculate the greatest common divisor of j and f.
12
Let u = 27044 - 26978. Calculate the greatest common divisor of 759 and u.
33
Suppose 128 = -10*s + 6*s. Let x = 152 + s. Suppose -3*p + x = -2*b, -6*b + 4*b + 120 = 3*p. Calculate the greatest common divisor of 16 and p.
8
Suppose -4*t = -2*u - 1508, -5*u = -29 - 1. What is the highest common factor of 80 and t?
20
Let d = 97 - 66. Suppose 35 -